{"id":4075,"date":"2017-10-17T16:18:52","date_gmt":"2017-10-17T20:18:52","guid":{"rendered":"https:\/\/www.canadagap.ca\/?post_type=avada_faq&#038;p=4075"},"modified":"2017-10-27T10:00:21","modified_gmt":"2017-10-27T14:00:21","slug":"une-exploitation-appose-sur-un-emballage-commercialisable-secondaire-un-autocollant-bleu-sur-lequel-il-y-a-un-x-ce-qui-veut-dire-dans-ses-registres-que-les-fruits-ont-ete-emballes-dans-la-semaine-d","status":"publish","type":"avada_faq","link":"https:\/\/www.canadagap.ca\/fr\/faq-items\/une-exploitation-appose-sur-un-emballage-commercialisable-secondaire-un-autocollant-bleu-sur-lequel-il-y-a-un-x-ce-qui-veut-dire-dans-ses-registres-que-les-fruits-ont-ete-emballes-dans-la-semaine-d\/","title":{"rendered":"Une exploitation appose sur un emballage commercialisable secondaire un autocollant bleu sur lequel il y a un X (ce qui veut dire, dans ses registres, que les fruits ont \u00e9t\u00e9 emball\u00e9s dans la semaine du 7 au 14 avril) et sur lequel elle ajoute PJ (les initiales de l\u2019exploitant producteur, selon ses registres). Cette proc\u00e9dure respecte-t-elle l\u2019exigence li\u00e9e \u00e0 l\u2019identification d\u2019emballage?"},"content":{"rendered":"<div class=\"fusion-fullwidth fullwidth-box fusion-builder-row-1 nonhundred-percent-fullwidth non-hundred-percent-height-scrolling\" style=\"--awb-border-radius-top-left:0px;--awb-border-radius-top-right:0px;--awb-border-radius-bottom-right:0px;--awb-border-radius-bottom-left:0px;--awb-flex-wrap:wrap;\" ><div class=\"fusion-builder-row fusion-row\"><div class=\"fusion-layout-column fusion_builder_column fusion-builder-column-0 fusion_builder_column_1_1 1_1 fusion-one-full fusion-column-first fusion-column-last\" style=\"--awb-bg-size:cover;\"><div class=\"fusion-column-wrapper fusion-flex-column-wrapper-legacy\"><div class=\"fusion-text fusion-text-1\"><p>Oui. La d\u00e9finition d\u2019identification d\u2019emballage dans le glossaire est la suivante\u00a0: \u00ab\u00a0Information identifiant\u00a01) le producteur et\u00a02) la p\u00e9riode d\u2019emballage ou de remballage des fruits et l\u00e9gumes. Li\u00e9e au num\u00e9ro d\u2019identification de lot pour une tra\u00e7abilit\u00e9 compl\u00e8te.\u00a0\u00bb Dans le cas pr\u00e9sent, l\u2019exploitant producteur s\u2019appelle Paul Jones. On sait que les fruits ont \u00e9t\u00e9 emball\u00e9s dans la semaine du\u00a07 au 14\u00a0avril, ce qui r\u00e9pond \u00e0 l\u2019exigence visant la p\u00e9riode d\u2019emballage. Ce n\u2019est pas n\u00e9cessaire que cette p\u00e9riode soit un jour unique. C\u2019est \u00e0 l\u2019exploitation de d\u00e9terminer ses p\u00e9riodes d\u2019emballage \u2013 ce peut \u00eatre une heure, une semaine, un mois, etc. Toutefois, c\u2019est dans l\u2019int\u00e9r\u00eat de l\u2019exploitation d\u2019adopter des p\u00e9riodes le plus courtes possible pour que le moins de fruits et l\u00e9gumes possible ne soient vis\u00e9s dans l\u2019\u00e9ventualit\u00e9 d\u2019un rappel. La section\u00a017.2 (<em>Utilisation<\/em><em>\u00a0des fournitures d\u2019emballage<\/em>) exige que l\u2019identification d\u2019emballage soit appos\u00e9e sur les emballages commercialisables secondaires ou, \u00e0 d\u00e9faut, sur les emballages commercialisables primaires. S\u2019il n\u2019utilise pas d\u2019emballages primaires, l\u2019exploitant emballeur doit apposer l\u2019identification d\u2019emballage sur la palette.<\/p>\n<\/div><div class=\"fusion-clearfix\"><\/div><\/div><\/div><\/div><\/div>\n<span class=\"faq-last-updated\">octobre 27th, 2017 at 10:00 am<\/span>","protected":false},"excerpt":{"rendered":"<p>octobre 27th, 2017 at 10:00 am<\/p>\n","protected":false},"author":4,"featured_media":0,"menu_order":75,"comment_status":"closed","ping_status":"closed","template":"","format":"standard","meta":{"footnotes":""},"faq_category":[175,173],"class_list":["post-4075","avada_faq","type-avada_faq","status-publish","format-standard","hentry","faq_category-mrpm-fr","faq_category-section17-fr"],"_links":{"self":[{"href":"https:\/\/www.canadagap.ca\/fr\/wp-json\/wp\/v2\/avada_faq\/4075","targetHints":{"allow":["GET"]}}],"collection":[{"href":"https:\/\/www.canadagap.ca\/fr\/wp-json\/wp\/v2\/avada_faq"}],"about":[{"href":"https:\/\/www.canadagap.ca\/fr\/wp-json\/wp\/v2\/types\/avada_faq"}],"author":[{"embeddable":true,"href":"https:\/\/www.canadagap.ca\/fr\/wp-json\/wp\/v2\/users\/4"}],"replies":[{"embeddable":true,"href":"https:\/\/www.canadagap.ca\/fr\/wp-json\/wp\/v2\/comments?post=4075"}],"version-history":[{"count":0,"href":"https:\/\/www.canadagap.ca\/fr\/wp-json\/wp\/v2\/avada_faq\/4075\/revisions"}],"wp:attachment":[{"href":"https:\/\/www.canadagap.ca\/fr\/wp-json\/wp\/v2\/media?parent=4075"}],"wp:term":[{"taxonomy":"faq_category","embeddable":true,"href":"https:\/\/www.canadagap.ca\/fr\/wp-json\/wp\/v2\/faq_category?post=4075"}],"curies":[{"name":"wp","href":"https:\/\/api.w.org\/{rel}","templated":true}]}}

Une exploitation appose sur un emballage commercialisable secondaire un autocollant bleu sur lequel il y a un X (ce qui veut dire, dans ses registres, que les fruits ont été emballés dans la semaine du 7 au 14 avril) et sur lequel elle ajoute PJ (les initiales de l’exploitant producteur, selon ses registres). Cette procédure respecte-t-elle l’exigence liée à l’identification d’emballage?

<div class="fusion-fullwidth fullwidth-box fusion-builder-row-1 nonhundred-percent-fullwidth non-hundred-percent-height-scrolling" style="--awb-border-radius-top-left:0px;--awb-border-radius-top-right:0px;--awb-border-radius-bottom-right:0px;--awb-border-radius-bottom-left:0px;--awb-flex-wrap:wrap;" ><div class="fusion-builder-row fusion-row"><div class="fusion-layout-column fusion_builder_column fusion-builder-column-0 fusion_builder_column_1_1 1_1 fusion-one-full fusion-column-first fusion-column-last" style="--awb-bg-size:cover;"><div class="fusion-column-wrapper fusion-flex-column-wrapper-legacy"><div class="fusion-text fusion-text-1"><p>Oui. La définition d’identification d’emballage dans le glossaire est la suivante : « Information identifiant 1) le producteur et 2) la période d’emballage ou de remballage des fruits et légumes. Liée au numéro d’identification de lot pour une traçabilité complète. » Dans le cas présent, l’exploitant producteur s’appelle Paul Jones. On sait que les fruits ont été emballés dans la semaine du 7 au 14 avril, ce qui répond à l’exigence visant la période d’emballage. Ce n’est pas nécessaire que cette période soit un jour unique. C’est à l’exploitation de déterminer ses périodes d’emballage – ce peut être une heure, une semaine, un mois, etc. Toutefois, c’est dans l’intérêt de l’exploitation d’adopter des périodes le plus courtes possible pour que le moins de fruits et légumes possible ne soient visés dans l’éventualité d’un rappel. La section 17.2 (<em>Utilisation</em><em> des fournitures d’emballage</em>) exige que l’identification d’emballage soit apposée sur les emballages commercialisables secondaires ou, à défaut, sur les emballages commercialisables primaires. S’il n’utilise pas d’emballages primaires, l’exploitant emballeur doit apposer l’identification d’emballage sur la palette.</p>
</div><div class="fusion-clearfix"></div></div></div></div></div>
<span class="faq-last-updated">octobre 27th, 2017 at 10:00 am</span>
